be g(1). Suppose r + p = -5*d, -5*r - 54 = 5*d + 21. Let l(x) = -x. Let t be l(d). Calculate the greatest common factor of 110 and t.
10
Suppose -4*t = -0*t + 512. Suppose 2*m - 862 = 4*a, 11*a - 3*m = 6*a - 1077. Let s = t - a. What is the greatest common factor of s and 11?
11
Let z(i) = -70*i + 2. Let o be z(-3). Let n = o + -107. Calculate the highest common divisor of 42 and n.
21
Let d = 86 - 32. Let v = d - 35. Calculate the greatest common divisor of 19 and v.
19
Let i(b) = b**3 + 10*b**2 + 8*b - 5. Let l be i(-9). Calculate the greatest common divisor of 4 and l.
4
Suppose y = 3*v + 42, 0 = 2*y + 2*v - 110 + 18. What is the greatest common divisor of y and 120?
15
Let c be 2 + 1 - (1 + -8). What is the greatest common factor of c and 10?
10
Let j(k) = -10*k**3 - 3*k - 1. Let s be j(-2). Suppose 6 = -3*f - 0*f, -3*d = f - s. Let a = d + -9. What is the highest common divisor of 4 and a?
4
Suppose 5*f + t + 20 = 0, -2*f + 0*t + 4 = -2*t. Let c = f + 6. What is the highest common factor of c and 15?
3
Suppose -5 = 2*f - 3. Let c(p) = -29*p**3 - 2*p**2 - p. Let j be c(f). Suppose -5*b - q + 4 = -4*b, 0 = -3*q. What is the highest common factor of b and j?
4
Let u = 20 - 18. Suppose 0 = -6*r + u*r + 8. What is the highest common divisor of 4 and r?
2
Let b(j) = -j**2 + 2*j + 90. Let o be b(0). What is the highest common factor of o and 10?
10
Suppose -2*m + 26 = 20. Let d be (-2)/(-9) + 241/9. Suppose 5*w - 5*n = 30, -4*n - d = -0*w - 5*w. Calculate the greatest common divisor of w and m.
3
Let v(s) = s**3 - s**2 - 2*s - 1. Let i be v(-1). Let w be (-1 - -1) + (-10)/i. Calculate the highest common factor of w and 50.
10
Let d(l) = -l**2 + 6*l - 2. Let h(t) = 4*t**2 - 18*t + 5. Let m(v) = 7*d(v) + 2*h(v). Let c be m(-10). What is the highest common divisor of c and 12?
12
Let k = -3 + 3. Let w be k + 0/(-1) - -88. Let x = 30 - 19. Calculate the highest common factor of x and w.
11
Let g be ((-11)/3)/(1/(-6)). Suppose -4*b = -3*y - 13, 0*y - g = -5*b - 2*y. Suppose b*n - 2*n = 16. Calculate the greatest common factor of n and 8.
8
Let o(x) = -16*x - 36. Let r be o(-5). What is the highest common divisor of r and 4?
4
Let a = 3 - 9. Let u be -16*(a/3)/4. What is the highest common factor of u and 1?
1
Let o(i) = -i**3 - i + 5. Suppose 4*d + 0*d = 0. Let z be o(d). Calculate the greatest common divisor of 5 and z.
5
Let y be 10/(-35) + 18/14. Let a(d) = y - 8*d**3 - 1. Let z be a(-1). What is the highest common divisor of z and 16?
8
Let w(h) = -h + 66. Let f be w(0). Let z = -87 - -98. What is the greatest common divisor of f and z?
11
Suppose -76 = -0*b - 3*b - n, -2*b = n - 49. Suppose 3*g - 780 = -51. What is the highest common divisor of b and g?
27
Suppose 0 = q - 1 + 7. Let j be 16/(-7) - q/21. Let x = 3 + j. Calculate the greatest common factor of 1 and x.
1
Let h be ((-30)/(-15))/((-2)/(-6)). What is the greatest common divisor of 42 and h?
6
Let q(i) = -i**2 + 14*i + 17. Let m be q(15). Calculate the greatest common divisor of m and 3.
1
Let h be 3/(-5) - (-890)/25. What is the highest common divisor of 5 and h?
5
Suppose -3*v + 8 = c - 2*c, 5*c + 2 = -4*v. Suppose -5 + 0 = x, v*g = -5*x + 35. Calculate the highest common factor of g and 10.
10
Suppose 3*u + 19 = h + 5, 3*u = 4*h - 29. Let b = h - -2. Calculate the greatest common divisor of b and 21.
7
Let m = 26 + 10. Calculate the highest common factor of m and 12.
12
Let d(o) = -o**2 + 12*o - 8. Let k be d(11). Suppose -4*c + k*c + 35 = 0. Let h be (34/5)/(7/c). Calculate the highest common factor of h and 17.
17
Let f be (-5)/(-2)*(13 + -3). Let h = f + -11. Let t = -10 + h. What is the greatest common factor of t and 12?
4
Suppose 3*m + 8*m - 33 = 0. Calculate the greatest common factor of 6 and m.
3
Suppose -2*v + 30 = -20. Suppose 313 - v = 4*a. Calculate the greatest common factor of 8 and a.
8
Let k = 3 + -4. Let x be 1 - (k + 0) - -3. Let m = 18 - x. What is the greatest common divisor of m and 117?
13
Let n(w) = -w**2 + 6*w - 3. Let d be n(7). Let j be (-72)/d - 1/5. Calculate the greatest common divisor of j and 7.
7
Let f = 38 + 0. What is the greatest common divisor of f and 76?
38
Let c = 410 + -267. Suppose -f - 6 = -19. Calculate the highest common divisor of f and c.
13
Let v(m) = m - 6. Let s be v(6). Suppose 4*t - 37 = -s*o + o, -3*t - o = -19. Suppose -2*b - 48 = -4*b. Calculate the highest common divisor of t and b.
8
Let f(a) = -a**2 - a + 2. Let u be f(0). Suppose -4*i = -14 + u. Let s = -1 - -3. Calculate the greatest common factor of s and i.
1
Let f(v) = -v**3 - v**2 + 12. Let w be f(0). Calculate the highest common divisor of w and 48.
12
Suppose 93*b = 100*b - 224. Calculate the highest common factor of b and 416.
32
Let h = 91 + -87. Calculate the greatest common factor of h and 32.
4
Let c = -70 - -123. Let j = -33 + c. Calculate the greatest common factor of j and 30.
10
Let r(z) = -z**3 - 2*z**2 - z + 3. Let i be r(-3). Calculate the greatest common divisor of 165 and i.
15
Let i be 2/(-6) - (-67)/3. Suppose d - 3*u = -13, 5*d = 3*d + 5*u - 21. Let j be -4 - (d + -2*47). Calculate the highest common divisor of i and j.
22
Suppose r = -2*r + 3, 4*q - 5*r = 187. Suppose 21 = -5*l + 81. Calculate the greatest common divisor of l and q.
12
Let s(r) be the third derivative of -r**5/60 - 11*r**4/24 - r**3/2 + 10*r**2. Let t be s(-9). Calculate the highest common divisor of t and 165.
15
Let x be (-114)/8*(-16)/6. Let f(p) = -p**3 - 8*p**2 + 8*p - 6. Let t be f(-9). Let r be (0 - t) + (-294)/(-3). What is the highest common factor of x and r?
19
Let k = 17 - 8. Calculate the highest common factor of 27 and k.
9
Suppose -x + m = 2, 5*m - 17 = -2*x - 0. Suppose 3*v + 2*c + c = 9, x = c. Let d be (-30)/(-4) - 1/v. What is the greatest common factor of d and 35?
7
Let h = 33 - -2. Let b = 0 + 13. Let s(m) = m**3 - 14*m**2 + 14*m - 8. Let x be s(b). What is the greatest common divisor of h and x?
5
Suppose -8 = -2*k + 2. Suppose k*g - 1795 = 185. Suppose 3*a = -a + g. Calculate the greatest common divisor of a and 9.
9
Let o = 164 + 61. Let i = 26 - 1. Calculate the highest common factor of i and o.
25
Suppose j - 12 = 27. Calculate the highest common divisor of j and 312.
39
Let k be (6 - 4 - 6) + 14. What is the greatest common divisor of 10 and k?
10
Suppose 0 = -4*a, 28 = -r + 2*r + 4*a. Let d be (-1)/(-3) + 249/9. Calculate the highest common divisor of r and d.
28
Let m be 2 - (-11 + -2 + 1). Let g = m + -4. Calculate the greatest common divisor of 10 and g.
10
Let v be (-4)/((-172)/56 + 3). What is the greatest common divisor of 8 and v?
8
Let v(y) be the third derivative of -y**5/60 + y**4/3 + y**3 + 6*y**2. Let a be v(8). What is the highest common factor of 24 and a?
6
Let b be (-20)/(-25)*1*5. Let v be ((-81)/12)/(-3)*b. What is the highest common divisor of 18 and v?
9
Let v be (-45)/(-6)*(1 + 4 + -3). Let j(l) = 2*l - 2. Let y be j(6). What is the greatest common divisor of v and y?
5
Let f(w) = 3*w**2 - 5*w + 2. Let l be f(3). What is the highest common divisor of 154 and l?
14
Let t = -19 + 29. Let h = -6 + t. Suppose 0 = -h*p + 248 + 16. Calculate the greatest common factor of 6 and p.
6
Suppose 6*d - 2*d = 20. Let l(k) = -5*k**3 + k. Let t be l(-1). Suppose -3*m + 4*j = -27, -2*j + 13 = 3*m + t. What is the greatest common factor of d and m?
5
Suppose 2*r = -4*y + 16 + 58, -3*r = 2*y - 27. Let x(o) = o**2 - 4. Let t be x(-5). What is the greatest common factor of t and y?
21
Let f = -62 + 77. Calculate the greatest common factor of 45 and f.
15
Let n = 271 - 145. Let s(y) = 203*y**2 - 1. Let t be s(1). Let m = t - n. Calculate the greatest common factor of 19 and m.
19
Let q be 1/(-2) - (-485)/10. Calculate the greatest common factor of q and 6.
6
Let u = -99 + 103. What is the greatest common factor of 76 and u?
4
Suppose 0*g + 5*k = 3*g - 950, 3*k = -3*g + 966. Suppose -4*l + 180 = 4*z, -5*z - 2*l - 95 = -g. Calculate the highest common divisor of 9 and z.
9
Let t = 70 + -38. What is the greatest common factor of t and 16?
16
Let q be 20/2 - (1 - (-2 + 0)). Calculate the highest common divisor of q and 77.
7
Let n(l) = -l + 9. Let t be n(7). Suppose -t = u - 7. Suppose 0*x - 60 = -u*x + 4*v, x - 12 = -2*v. What is the greatest common divi